1021?
-1031
In base 10, what is 377 - 4?
373
In base 4, what is 3211 - 10?
3201
In base 16, what is -2d - 1?
-2e
In base 10, what is 8 - -8?
16
In base 11, what is 6 - 3?
3
In base 4, what is -2 + 0?
-2
In base 7, what is 4 + 12432?
12436
In base 4, what is -13 - -310?
231
In base 14, what is -101 + 12?
-cd
In base 14, what is -9 + 52?
47
In base 10, what is -1 + 98?
97
In base 4, what is -2130 + -3?
-2133
In base 14, what is -65 + -1?
-66
In base 10, what is 63 - 175?
-112
In base 9, what is -12 - -547?
535
In base 12, what is -4 + -44?
-48
In base 6, what is -233 + 2?
-231
In base 6, what is -1 - 20?
-21
In base 10, what is -2007 - -2?
-2005
In base 7, what is 1005 - -3?
1011
In base 6, what is -1203 - 215?
-1422
In base 3, what is -1 + -1220?
-1221
In base 12, what is -13 + 38?
25
In base 3, what is 2110 + 0?
2110
In base 2, what is 101000101 + 0?
101000101
In base 12, what is 42 + 0?
42
In base 7, what is 4 + 1633?
1640
In base 9, what is 4 - -221?
225
In base 15, what is -2 + -bc1?
-bc3
In base 9, what is 4356 + 1?
4357
In base 4, what is 11 + -13020?
-13003
In base 14, what is -2 + -463?
-465
In base 16, what is -2e0 + -3?
-2e3
In base 16, what is 11 - -196?
1a7
In base 4, what is 2 + 13?
21
In base 13, what is -2559 + 3?
-2556
In base 3, what is -101 - 1100?
-1201
In base 5, what is -3 + 22?
14
In base 2, what is -10 - -10001011?
10001001
In base 2, what is -10 - 1000111110?
-1001000000
In base 5, what is -13022 + 1?
-13021
In base 12, what is 277 - -1?
278
In base 2, what is 11001101 - 111001?
10010100
In base 2, what is 111111 - -111?
1000110
In base 6, what is 512 - -4?
520
In base 16, what is -25 - 4?
-29
In base 8, what is 0 - -263?
263
In base 12, what is -14 - -12?
-2
In base 3, what is 100011 - -12?
100100
In base 14, what is 5 - -cc?
d3
In base 13, what is -2b + -b0?
-10b
In base 9, what is 32 - -4?
36
In base 13, what is 78 + -2?
76
In base 15, what is -2 + e7?
e5
In base 3, what is -12021022 + 2?
-12021020
In base 13, what is -c + -a?
-19
In base 10, what is 2 + -3547?
-3545
In base 16, what is -2 + -18?
-1a
In base 11, what is -2 + -357?
-359
In base 13, what is -10 + -7?
-17
In base 11, what is -16 + -90?
-a6
In base 9, what is -4 + 813?
808
In base 7, what is 54 + -10?
44
In base 7, what is -15 + -1106?
-1124
In base 5, what is 34 - -1031?
1120
In base 7, what is 1 + 164?
165
In base 9, what is 2 - -83?
85
In base 3, what is -110012 - 12?
-110101
In base 15, what is 21 - 2?
1e
In base 5, what is -113 + -110?
-223
In base 6, what is -3 - 124?
-131
In base 12, what is 63 + 27?
8a
In base 6, what is 15 - -1152?
1211
In base 14, what is 31 + -1a?
15
In base 14, what is 2 + -264?
-262
In base 15, what is -39c - -1?
-39b
In base 4, what is -1 - 30?
-31
In base 9, what is -5 + 52?
46
In base 6, what is 30 - 2?
24
In base 5, what is -11 - 13?
-24
In base 8, what is -1 - -15?
14
In base 10, what is -125 - 3?
-128
In base 8, what is -3 - -36?
33
In base 14, what is -4 + 144?
140
In base 2, what is -1 + -11101110?
-11101111
In base 14, what is -253 - -8?
-249
In base 14, what is -45 - 9?
-50
In base 11, what is 26 + 22?
48
In base 6, what is -12054 + -3?
-12101
In base 8, what is 2613 + 5?
2620
In base 5, what is 1014422 - 2?
1014420
In base 6, what is 0 - -2015?
2015
In base 13, what is 5 + 0?
5
In base 14, what is 6 - -3?
9
In base 15, what is 4 + 567?
56b
In base 7, what is -116 - 0?
-116
In base 7, what is 13 + -516?
-503
In base 15, what is -2493 - 2?
-2495
In base 10, what is -5 + 885?
880
In base 2, what is 110010110 - 11?
110010011
In base 12, what is -19 + -10?
-29
In base 4, what is 22 + 3122?
3210
In base 8, what is -3 - 237?
-242
In base 4, what is -211331 - 10?
-212001
In base 8, what is -110 + -124?
-234
In base 14, what is 7 + b?
14
In base 7, what is -1 + -12360?
-12361
In base 13, what is 10b + -2?
109
In base 5, what is 0 + -10?
-10
In base 3, what is 100121 - 101?
100020
In base 11, what is -2 - 3a?
-41
In base 2, what is -10001 + -110?
-10111
In base 16, what is 4 + 156?
15a
In base 10, what is 4057 - -1?
4058
In base 11, what is -909 - 7?
-915
In base 7, what is 0 + 423?
423
In base 14, what is d43 - -1?
d44
In base 3, what is -100 + 110?
10
In base 16, what is 15c - 2?
15a
In base 15, what is -4 + 1e?
1a
In base 13, what is 2 + 6?
8
In base 6, what is 1051 - 33?
1014
In base 7, what is 6200 - -2?
6202
In base 15, what is 5 - a4?
-9e
In base 6, what is 1 + -1003?
-1002
In base 6, what is -5 - 41?
-50
In base 5, what is -1112 - 0?
-1112
In base 5, what is 4 + -112?
-103
In base 16, what is -502 + 1?
-501
In base 15, what is -a + 13c?
132
In base 8, what is 205 - 43?
142
In base 11, what is -1 - 698?
-699
In base 8, what is -273 + 4?
-267
In base 7, what is 21 - 1?
20
In base 13, what is -60 - 5?
-65
In base 13, what is -59 + -3c?
-98
In base 7, what is -2 + -516?
-521
In base 5, what is 121 + 3420?
4041
In base 7, what is -132 - 2?
-134
In base 6, what is 1223 + -5?
1214
In base 10, what is -1 + 2?
1
In base 2, what is 1011101110011 + -100?
1011101101111
In base 11, what is -1 + -2a0?
-2a1
In base 2, what is 10010001 + -10110?
1111011
In base 3, what is -20222 - -12?
-20210
In base 16, what is -56 + -69?
-bf
In base 9, what is 2 + -627?
-625
In base 13, what is -11 - 15?
-26
In base 12, what is 22ba - -1?
22bb
In base 12, what is -139 - 4?
-141
In base 6, what is -2 + -1250?
-1252
In base 2, what is 1 + -1001101001001?
-1001101001000
In base 11, what is -176 + -2?
-178
In base 2, what is -11 + 1101101?
1101010
In base 14, what is 8 - -19?
23
In base 15, what is -10 - 537?
-547
In base 13, what is -10 + 58?
48
In base 7, what is 5 + 1140?
1145
In base 14, what is -4 + -94d?
-953
In base 5, what is 2 + 330?
332
In base 13, what is 1b7 - 6?
1b1
In base 6, what is -2 + 123?
121
In base 16, what is 2 + -9b?
-99
In base 3, what is 110112 + -120?
102222
In base 15, what is 5 - -10?
15
In base 15, what is 3c - -89?
c6
In base 15, what is 1 + -2bb?
-2ba
In base 7, what is 12 - -213?
225
In base 5, what is 2204 + 0?
2204
In base 10, what is -20 + 4?
-16
In base 2, what is 100 + 10111111?
11000011
In base 9, what is -5723 - -5?
-5717
In base 14, what is -8 - -2?
-6
In base 11, what is 411 - -5?
416
In base 4, what is -113 + 3330?
3211
In base 2, what is 1101001001 - -10?
1101001011
In base 4, what is -110 + -223?
-333
In base 13, what is -252 - 3?
-255
In base 16, what is 5b - 36?
25
In base 8, what is -2041 + 0?
-2041
In base 3, what is 11010210 + -2?
11010201
In base 16, what is 0 - 7e?
-7e
In base 8, what is 5 - 151?
-144
In base 4, what is 1023 - -12?
1101
In base 3, what is 102112 + -21?
102021
In base 4, what is 1022 - 10?
1012
In base 10, what is -12 + 417?
405
In base 12, what is 0 - -2b?
2b
In base 6, what is 12 + -1552?
-1540
In base 15, what is 45 + 5?
4a
In base 6, what is -4351 + -4?
-4355
In base 6, what is 1 - -33?
34
In base 8, what is -37 + -45?
-104
In base 11, what is a2 - -4?
a6
In base 5, what is 1 + 23110?
23111
In base 8, what is -5 + -153?
-160
In base 14, what is 4 + d1b?
d21
In base 11, what is -9 - 5?
-13
In base 10, what is -91 - -5?
-86
In base 8, what is 4 - -2457?
2463
In base 15, what is -3852 - 5?
-3857
In base 4, what is -32 + -32?
-130
In base 10, what is 5771 + -4?
5767
In base 13, what is -2 + 0?
-2
In base 16, what is 0 - 1?
-1
In base 5, what is 34 - -10201?
10240
In base 4, what is 13300 - 12?
13222
In base 2, what is 1100010 - -1110?
1110000
In base 11, what is 14 - -3?
17
In base 3, what is -2 + 120221?
120212
In base 14, what is 26 + -47?
-21
In base 15, what is 24 + -7?
1c
In base 5, what is 33 + -3?
30
In base 16, what is 195 - d?
188
In base 13, what is 1 - 6?
-5
In base 3, what is -1002012 + 10?
-1002002
In base 12, what is -20 + 4?
-18
In base 8, what is 6725 - -5?
6732
In base 11, what is -2 - 4144?
-4146
In base 2, what is -101110 + 11?
-101011
In base 2, what is -1000 + -100000001?
-100001001
In base 14, what is b - 38?
-2b
In base 5, what is 1210402 + 1?
1210403
In base 13, what is 44 + -66?
-22
In base 9, what is 1401 - 3?
1387
In base 7, what is 30 + 2?
32
In base 13, what is -1529 - 3?
-152c
In base 6, what is -120301 + -3?
-120304
In base 13, what is -10 - -28?
18
In base 7, what is -1 - -200?
166
In base 4, what is 21331 + -11?
21320
In base 5, what is 21003 + -2?